est common factor of u and 1485.
5
Let b be (486/8)/(62/248). Calculate the highest common factor of b and 405.
81
Let g(q) = 35*q**2 + 4*q + 6. Let v be g(3). Let y = v - 234. Calculate the highest common divisor of y and 11.
11
Let h be 10/6 - 7105/(-147). What is the greatest common divisor of 25 and h?
25
Suppose 3230 = 78*y - 61*y. Let o be 153/4 + 2/(-8). What is the greatest common factor of y and o?
38
Let b be 18*13/((-351)/(-36)). Calculate the highest common divisor of b and 816.
24
Let p be (0 + (-3)/(-4))/(12/368). What is the greatest common divisor of p and 529?
23
Let o(d) = d**2 - d + 8. Suppose 0 = n - 2*k - 28, 3*n - 33 = -2*k + 11. Let t = n - 13. Let q be o(t). What is the highest common factor of q and 7?
7
Let q = -93 - -125. Suppose -5*k - 37 = -1477. What is the greatest common factor of q and k?
32
Let z(l) = -l**2 - 14*l + 108. Let m be z(-19). Suppose -6*k = -3*n - k + 166, 3*n + 4*k - 148 = 0. Calculate the highest common factor of n and m.
13
Suppose -t - 20 = 2*g, 5*g + 45 = -3*t - 17. Let v = t - -46. What is the greatest common factor of 55 and v?
11
Suppose -3*z + l = -2731, -915 = -2*z + z + 5*l. Calculate the highest common factor of 7 and z.
7
Let x = -127 - -223. Suppose -2*o + 2*j = -3*j - 24, 4*o - 84 = j. Suppose s = -10 + o. Calculate the highest common factor of s and x.
12
Let c(v) = -v - 8. Let l be c(-10). Suppose -b + l*b = -54. Let s be (b/4)/((-7)/98). What is the highest common divisor of s and 21?
21
Suppose 0*c - 30 = c. Let w = c - -48. Suppose 2*s + 11 - 47 = 0. What is the greatest common divisor of s and w?
18
Let w be 3/(-1) + 4 - (-4)/2. Suppose 275 = 5*s - 0*s + 2*m, -166 = -w*s - m. What is the highest common factor of s and 38?
19
Let s(w) = -w**3 + 4*w**2 + 3*w + 5. Let o be s(5). Let i(x) = -7*x - 5. Let l be i(o). What is the greatest common divisor of 3 and l?
3
Suppose 2*r - x = 121, r + 7*x - 48 = 10*x. What is the greatest common factor of r and 84?
21
Suppose 343*g = 344*g - 28. What is the greatest common divisor of g and 406?
14
Let x(t) = 8*t**2 + 3*t - 6. Let w be x(3). Suppose 11*d - 16*d + w = 0. Calculate the highest common divisor of 6 and d.
3
Let f(w) = 10*w**2 + 7*w - 12. Let a be f(4). What is the greatest common divisor of a and 132?
44
Let g = -89 - -180. Let n = 230 - 217. What is the highest common factor of n and g?
13
Let l(s) = -s**2 + 12. Let t be l(0). Let k be ((-64)/(-96))/(((-4)/(-27))/2). What is the greatest common factor of t and k?
3
Let r(g) = 2*g**2 - 31*g + 51. Let q be r(14). Calculate the highest common factor of q and 11.
1
Let y(t) = -t**2 - 3*t + 9. Let b be y(-6). Let j = 15 + b. Suppose 5*h = 39 + j. What is the highest common divisor of h and 72?
9
Let x = -72 + 74. What is the highest common factor of x and 94?
2
Let b be 18 - 4/2 - (-6 + 6). Suppose 3*w = 5*w - 6. Suppose -4*r - w*s = -31, -7*s = -4*r - 2*s - 9. Calculate the greatest common divisor of r and b.
4
Let m(y) = 5*y - 8. Let j(u) = -9*u + 17. Let h(f) = -3*j(f) - 5*m(f). Let b be h(8). Calculate the highest common divisor of 20 and b.
5
Let m be (-4)/(-22) + ((-92)/22)/1. Let h be 6*(-40)/(-6)*(m + 5). What is the highest common divisor of h and 60?
20
Let l be 2 - ((-12)/(-4))/((-3)/18). What is the highest common factor of 64 and l?
4
Let z = -86 + 124. Let a be (20 + 0)*19/z. Let f = 4 + a. Calculate the highest common divisor of f and 126.
14
Let q be (852/(-10))/(4/(-10)) + 3. Calculate the greatest common divisor of 81 and q.
27
Let b(c) = 3*c**2. Let v be b(-1). Suppose -v*i = -6*i + 156. Let s = -37 + i. What is the highest common factor of s and 3?
3
Suppose -144*m = -148*m + 728. Calculate the greatest common factor of 14 and m.
14
Let d = 7 - 5. Let w be 4 + (d*3)/((-18)/(-12)). Calculate the highest common factor of 40 and w.
8
Let j = -28 + 31. Suppose y - 2*u + 336 = 5*y, -j*y = 3*u - 252. What is the highest common factor of y and 56?
28
Let l be (-1284)/(-44) + (-18)/99. Calculate the highest common factor of 232 and l.
29
Suppose -s + q + 8 = -2*q, -5*s = 4*q - 21. Suppose 3*b - 17 = -4*x - 0*x, 3*x + 3*b - 15 = 0. What is the highest common factor of x and s?
1
Suppose -a + 4*a - 39 = 0. Let f = 50 + -50. Suppose 130 = 3*z - n - 216, 4*n - 20 = f. What is the highest common factor of z and a?
13
Let p = 7 - 9. Let i be (10 + -8)*(-3)/p. Suppose -2*f = i*y - 148 - 119, y + 271 = 2*f. Calculate the greatest common factor of 15 and f.
15
Let w be ((-3)/6)/(1/2) + 6. Suppose w*t = 0, -4*s - 229 + 841 = -5*t. Calculate the greatest common factor of s and 9.
9
Let j = 1537 - 1519. Let c(v) = -64*v**3 - 2*v**2 + 1. Let g be c(-1). What is the highest common factor of g and j?
9
Let m = -169 + 273. Calculate the highest common divisor of 130 and m.
26
Let g = -510 - -573. Calculate the greatest common factor of 42 and g.
21
Let r be (0 - 1)*1*-2. Let q be 16/(r/1) + 2. Let s be (-15)/((-1530)/9168) - 2/(-17). Calculate the highest common factor of s and q.
10
Let c = 2077 - 1482. What is the highest common divisor of c and 17?
17
Let k be (4/(-12))/((-24)/9 - -3). Let z = 7 - k. What is the greatest common divisor of 32 and z?
8
Suppose -a + 258 = 214. What is the greatest common factor of a and 484?
44
Let g(a) = -a**2 + 14*a + 8. Let o = 34 - 22. Let h be g(o). What is the highest common factor of 4 and h?
4
Suppose 3*f = -f - 72. Let p be f/(-3 + 1) + -1. Calculate the greatest common factor of 72 and p.
8
Let n = -147 + 762. What is the greatest common divisor of 45 and n?
15
Let r be (7995/45)/((-6)/9 + 1). What is the greatest common divisor of r and 26?
13
Let h be (-12)/(-8)*(-2860)/(-15)*2. Calculate the highest common factor of h and 104.
52
Suppose -7945 = -14*l - 7889. What is the greatest common factor of 308 and l?
4
Let p = -59 + 648. Calculate the greatest common divisor of 95 and p.
19
Let c be ((-19)/(-4) - 4/(-16)) + 0. Suppose -c = l, 4*n = 5*n + l - 27. What is the highest common factor of n and 32?
32
Let f be (2 - 74)*(325/20)/(-13). Calculate the highest common factor of f and 45.
45
Suppose 0 = 2*l + 4*k - 82, 5*l - 2*k = 2*k + 233. Let r = 76 + -74. Let t be 2*(0 + 17 - r). What is the greatest common factor of l and t?
15
Suppose -3*d + 63 = -48. Let h = 1508 + -1360. Calculate the highest common divisor of d and h.
37
Suppose 3*k = -3*z + 21, -5 = 3*k + 4. Suppose -z*g = -138 - 62. What is the greatest common factor of 30 and g?
10
Let q(z) = 0*z**2 + 3*z + 0*z + 7 - 19 + z**2. Let x be (-2)/3 - (-154)/(-21). Let g be q(x). What is the greatest common divisor of g and 42?
14
Suppose 10*p = 15*p + 3*b - 330, p - 3*b = 48. What is the greatest common divisor of p and 210?
21
Let a be ((-5)/(-3) - 2)*-9. Suppose 21 + a = g. Let l = 182 + -176. Calculate the highest common factor of l and g.
6
Suppose 4*u - 20 = -3*r + 2*r, 0 = -3*u + 3. Let w(k) = k**3 - 16*k**2 + 17*k + 2. Let s be w(15). Calculate the highest common divisor of r and s.
16
Let q be 19/1 - (-18)/(-18). Suppose -17*h - 27 = -q*h. Calculate the highest common divisor of 54 and h.
27
Suppose 2 = -3*x - 1, 5*x - 75 = -4*y. Suppose 89 - 121 = -4*z. Calculate the greatest common divisor of y and z.
4
Let m(j) = -2*j**2 + 57*j - 76. Let d be m(27). Calculate the greatest common divisor of d and 135.
5
Suppose 996*w + 2035 = 1001*w. Calculate the greatest common factor of 37 and w.
37
Let h = -155 + 284. Let o = h - 121. What is the greatest common divisor of 152 and o?
8
Let d = 1489 - 1393. Calculate the highest common divisor of 24 and d.
24
Let l(g) = 4*g - 103. Let a be l(29). Calculate the greatest common divisor of a and 247.
13
Let z be 50612/28 - 6/(-14). Calculate the greatest common divisor of 16 and z.
16
Suppose -4*u - 44 = 7*v - 11*v, 15 = -5*u. Calculate the highest common divisor of v and 52.
4
Let y(p) = 12*p - 20. Let w be y(5). Suppose -8*a = -3*a - w. Calculate the highest common factor of 88 and a.
8
Let g(t) = 31*t + 298. Let v be g(-8). What is the highest common factor of v and 950?
50
Let m = -213 - -268. Let l = 11 + -16. Let i = l + 27. Calculate the highest common factor of m and i.
11
Suppose 0 = -5*v - 13 + 38. Let d = v - -1. Suppose 0 = d*u - 126 - 756. What is the greatest common divisor of u and 21?
21
Suppose -5*c - 6 = -3*b, 5*c + 2*b - 4*b